is divided by 4401452.
29
What is the remainder when 11044067 is divided by 1275?
17
What is the remainder when 1073438 is divided by 136?
126
What is the remainder when 614454 is divided by 8581?
5203
What is the remainder when 2125946 is divided by 4057?
78
Calculate the remainder when 1036755 is divided by 163.
75
What is the remainder when 4290064 is divided by 198?
196
What is the remainder when 29967934 is divided by 190?
184
What is the remainder when 24605301 is divided by 4?
1
What is the remainder when 15651337 is divided by 253?
251
Calculate the remainder when 462996 is divided by 2823.
24
Calculate the remainder when 1527196 is divided by 945.
76
What is the remainder when 69747645 is divided by 11624606?
9
Calculate the remainder when 4114722 is divided by 16.
2
What is the remainder when 435481 is divided by 16124?
133
What is the remainder when 10601564 is divided by 85?
24
What is the remainder when 2229737 is divided by 5589?
5315
What is the remainder when 3057842 is divided by 8494?
2
What is the remainder when 432185782 is divided by 11809?
0
Calculate the remainder when 73687 is divided by 1639.
1571
What is the remainder when 85704 is divided by 1779?
312
What is the remainder when 136987 is divided by 4?
3
Calculate the remainder when 11596 is divided by 5450.
696
What is the remainder when 103236425 is divided by 37?
24
Calculate the remainder when 86717654 is divided by 1339.
1336
Calculate the remainder when 111262060 is divided by 29.
22
What is the remainder when 31480 is divided by 8639?
5563
Calculate the remainder when 258308 is divided by 1108.
144
Calculate the remainder when 351356 is divided by 35132.
36
Calculate the remainder when 1959703 is divided by 91.
18
Calculate the remainder when 1866994 is divided by 50459.
11
What is the remainder when 358001 is divided by 7013?
338
What is the remainder when 1472562 is divided by 163617?
9
What is the remainder when 9905292 is divided by 2753?
2751
What is the remainder when 8296451 is divided by 129?
74
What is the remainder when 1786773 is divided by 735?
723
What is the remainder when 1193049 is divided by 7457?
7386
What is the remainder when 23195960 is divided by 99128?
8
Calculate the remainder when 2693729 is divided by 2693620.
109
What is the remainder when 25528 is divided by 25513?
15
What is the remainder when 6202423 is divided by 1550580?
103
Calculate the remainder when 39142 is divided by 39111.
31
Calculate the remainder when 150599 is divided by 18780.
359
What is the remainder when 296192 is divided by 90?
2
What is the remainder when 84992 is divided by 570?
62
Calculate the remainder when 77188 is divided by 3752.
2148
Calculate the remainder when 1561072 is divided by 203.
2
What is the remainder when 3570880 is divided by 1785356?
168
What is the remainder when 612177 is divided by 1175?
2
Calculate the remainder when 4444900 is divided by 37352.
12
Calculate the remainder when 11429048 is divided by 481.
7
Calculate the remainder when 99741 is divided by 49092.
1557
What is the remainder when 4582962 is divided by 444?
438
What is the remainder when 3167378 is divided by 8313?
125
What is the remainder when 26036032 is divided by 8456?
8
What is the remainder when 2219693 is divided by 2633?
74
What is the remainder when 205880 is divided by 41128?
240
What is the remainder when 141973 is divided by 10128?
181
What is the remainder when 20261523 is divided by 122?
7
Calculate the remainder when 618558 is divided by 2154.
360
What is the remainder when 521087 is divided by 130176?
383
Calculate the remainder when 174239 is divided by 174116.
123
Calculate the remainder when 3002 is divided by 656.
378
What is the remainder when 170130171 is divided by 37?
27
Calculate the remainder when 400185 is divided by 246.
189
Calculate the remainder when 3575149 is divided by 446887.
53
What is the remainder when 15684748 is divided by 17763?
19
Calculate the remainder when 169521 is divided by 23576.
4489
What is the remainder when 99584 is divided by 4943?
724
Calculate the remainder when 421256 is divided by 20058.
38
Calculate the remainder when 41297 is divided by 2742.
167
Calculate the remainder when 1973338484 is divided by 72.
68
Calculate the remainder when 1062169 is divided by 6.
1
Calculate the remainder when 166843980 is divided by 4634555.
0
Calculate the remainder when 36315877 is divided by 6052646.
1
What is the remainder when 936455 is divided by 324?
95
Calculate the remainder when 12378488 is divided by 366.
2
Calculate the remainder when 3488802 is divided by 4024.
4018
What is the remainder when 3250035 is divided by 3249914?
121
What is the remainder when 179123 is divided by 8938?
363
What is the remainder when 9730 is divided by 4836?
58
Calculate the remainder when 319993 is divided by 1760.
1433
Calculate the remainder when 1452603 is divided by 126.
75
What is the remainder when 4239348 is divided by 230?
218
Calculate the remainder when 3587211 is divided by 1793599.
13
Calculate the remainder when 119174 is divided by 822.
806
What is the remainder when 83282 is divided by 3548?
1678
What is the remainder when 35785373 is divided by 35785372?
1
What is the remainder when 3572415 is divided by 14522?
3
What is the remainder when 1344764 is divided by 79102?
30
Calculate the remainder when 8976896 is divided by 15.
11
What is the remainder when 41305 is divided by 5663?
1664
What is the remainder when 3949 is divided by 3501?
448
What is the remainder when 458048 is divided by 57247?
72
What is the remainder when 212681 is divided by 212226?
455
Calculate the remainder when 3486212 is divided by 697242.
2
What is the remainder when 319145 is divided by 12271?
99
What is the remainder when 3482236 is divided by 1398?
1216
What is the remainder when 66654 is divided by 4175?
4029
What is the remainder when 1403249 is divided by 2238?
23
What is the remainder when 93768 is divided by 29760?
4488
What is the remainder when 9574285 is divided by 2187?
1786
What is the remainder when 56734854 is divided by 477?
474
What is the remainder when 33766812 is divided by 380?
12
What is the remainder when 78843 is divided by 212?
191
Calculate the remainder when 876488 is divided by 19.
18
Calculate the remainder when 149079 is divided by 1285.
19
What is the remainder when 54434199 is divided by 68?
63
Calculate the remainder when 256541 is divided by 424.
21
Calculate the remainder when 1183994 is divided by 107591.
493
What is the remainder when 3360102 is divided by 607?
357
What is the remainder when 111934323 is divided by 67?
36
Calculate the remainder when 13692683 is divided by 3577.
3504
What is the remainder when 21770 is divided by 1926?
584
What is the remainder when 103729889 is divided by 76?
73
Calculate the remainder when 9202 is divided by 1660.
902
Calculate the remainder when 12276866 is divided by 12276816.
50
What is the remainder when 155465 is divided by 19430?
25
Calculate the remainder when 7562012 is divided by 279.
275
What is the remainder when 445884 is divided by 445309?
575
Calculate the remainder when 5078275 is divided by 13.
7
Calculate the remainder when 9595627 is divided by 9104.
11
Calculate the remainder when 219185 is divided by 108795.
1595
What is the remainder when 6419631 is divided by 11423?
11328
Calculate the remainder when 366551 is divided by 30443.
1235
What is the remainder when 4682072 is divided by 9734?
18
What is the remainder when 202931 is divided by 3974?
257
Calculate the remainder when 859700 is divided by 214922.
12
What is the remainder when 7008300 is divided by 3059?
131
What is the remainder when 214003 is divided by 71333?
4
Calculate the remainder when 1516619 is divided by 1516505.
114
Calculate the remainder when 115197389 is divided by 115197388.
1
What is the remainder when 99672536 is divided by 11311?
4
What is the remainder when 37065865 is divided by 28?
25
What is the remainder when 1073412 is divided by 8132?
8120
What is the remainder when 1946888 is divided by 3115?
13
Calculate the remainder when 263731 is divided by 299.
13
What is the remainder when 7228 is divided by 4384?
2844
What is the remainder when 54352050 is divided by 18117348?
6
Calcul